f(u) be the second derivative of -u**4/12 + 7*u**3/6 + 3*u**2 + 311*u. Give f(7).
6
Let p(g) = -g**2 + g - 11. Let x be (-8)/36 - -2 - 8/(-36). Let t be 1*(-1 - (6/(-2) + x)). Give p(t).
-11
Let v(r) be the second derivative of -14*r**3/3 + r**2 + 165*r. Determine v(1).
-26
Let i(g) = 28 - 10*g - 28 - 5*g. Give i(-2).
30
Let l(d) be the third derivative of d**6/120 - d**5/15 - 3*d**4/8 + 2*d**3 - 86*d**2. Give l(5).
-8
Suppose 0 = 2*g + 3*o + 13, 5*g - 5*o = 9*g + 25. Let j(h) = -h - 7. Determine j(g).
-2
Let d(c) = c**3 + 9*c**2 + 7*c - 15. Let a(b) = -b**3 + b**2 + 6*b - 8. Let h be a(3). Give d(h).
-7
Let p(y) = y**2 - 8*y + 3. Let t(u) = u**3 + 2*u**2 - 8*u - 12. Let k be t(-3). Calculate p(k).
-12
Let t(v) = -11*v. Let x(s) = s**3 + 4*s**2 - 8*s - 35. Let d be x(-4). Give t(d).
33
Let y = 69 - 68. Let q(x) = -1 - 3*x + 2 - y - 1. Calculate q(1).
-4
Let g(u) = -6*u - 88. Let d be g(-14). Let w(m) = -2*m**2 - 6*m. Calculate w(d).
-8
Let u(p) = -2*p - 3. Let n be u(-5). Suppose n*h - 20 = 3*h. Let r(o) = o - 3. Let w(q) = q - 4. Let x(d) = -2*r(d) + 3*w(d). Calculate x(h).
-1
Let s(q) = -5*q**3 + 3*q**2 - 19*q - 12. Let y(x) = -16*x**3 + 8*x**2 - 62*x - 36. Let d(r) = 13*s(r) - 4*y(r). Calculate d(7).
-5
Let w(q) = -5*q**3 + 2*q**2 + q. Let j be 1*((-12)/(-18) + 15/(-9)). What is w(j)?
6
Let m(p) = -5*p**2 - p - 2. Let h(c) = -4*c**2 - 2*c - 3. Let s(o) = 3*h(o) - 4*m(o). Let i(z) = -7*z**2 + z. Let v(j) = -7*i(j) - 6*s(j). Determine v(-4).
2
Let m(q) = q**2 + 2*q - 11. Suppose -4*y = -8*y - 20. Calculate m(y).
4
Let d(b) = 9*b**2 - 3*b**2 - 328 + 327. Determine d(-1).
5
Let b(h) = -h**3 + 19*h**2 - 16*h - 41. Suppose -413*u = -409*u - 72. Calculate b(u).
-5
Let y(c) = 3*c**2 + c + 1. Let n(z) = 19*z**2 + 15*z + 7. Let g(v) = -n(v) + 6*y(v). Calculate g(-8).
7
Let w be (26/(-4))/(2/(-4)). Let y(h) = w - 33 + 2*h + 9 + 7. Give y(4).
4
Let h(o) be the first derivative of 28 + 8*o + 4*o**2 - 1/4*o**4 - 5/3*o**3. Give h(-6).
-4
Let d(c) be the second derivative of -c**5/20 - c**4/12 + 5*c**3/6 + 2*c**2 + 4*c. Calculate d(-2).
-2
Let n be 2/3*(-165)/10. Let u = n + 14. Let b(z) = 2*z + 3. Calculate b(u).
9
Suppose 0 = 4*k - 29 + 33. Let g(q) = -9*q**3 - q**2 - q. Determine g(k).
9
Let x(c) = c**3 - 6*c**2 - c + 8. Let z be (-13)/(-2 + (-15)/(-6)). Let s = 32 + z. Give x(s).
2
Let n(t) = -t**3 - 14*t**2 - 13*t + 2. Let r be n(-13). Let c(o) = -3*o**r - 6*o + 7*o - 10*o**2 + o**2. Give c(-1).
-13
Let l(t) be the third derivative of -t**5/15 + t**4/24 + t**3/3 - 4*t**2. Let a be (-4)/(-6) - 7/(-3). Suppose 0 = a*h + h - 8. Calculate l(h).
-12
Let i(k) = -6*k - 4 - k**3 + 10*k - 6*k**2 - 9*k. Let f be i(-5). Let g(w) = w**2 + 5*w + 4. Give g(f).
0
Let y be 11/2 + 4/(-8). Suppose y*u - 11 = -j, -u - 2 = -3*u + 2*j. Let k(h) = 5*h - 2*h**2 + 4 + 0*h**2 + 4*h**u. Calculate k(-3).
7
Let n(l) = l**3 + 4*l**2 + 5*l + 7. Let j = 10 + -13. Let d be n(j). Let r(u) = -8*u**2 - 1. Calculate r(d).
-9
Let a(m) = -m**2. Let v(k) = -k**2 + k. Let g(y) = 3*a(y) - 4*v(y). Suppose -1081*f = -1103*f + 44. Determine g(f).
-4
Let m be ((-21)/49)/((-1)/7)*-1. Let i(b) = 2*b + 3. Determine i(m).
-3
Let k(t) be the first derivative of -t**5/60 + t**4/12 - t**3/6 - 15*t**2 + 27. Let j(z) be the second derivative of k(z). Give j(2).
-1
Let u(f) = f**2 - 12*f + 9. Suppose 5*h + 2*o - 40 - 6 = 0, -5*h - 5*o = -55. Calculate u(h).
-23
Let i be ((-3)/((-6)/80))/2. Suppose -2*o = -5*s, 2*o + 2*o = i. Let g(m) = -7 + 6 + 0*m - 3*m. What is g(s)?
-7
Let f = -1514 + 1520. Let i(p) = p - 10. Determine i(f).
-4
Suppose 4*t - 26 = -18. Let z(d) = 4*d**t + 0*d**2 - 2 + d - 2*d**2 - 3*d**2. Determine z(2).
-4
Let w(n) = -1076 + 11*n**2 + 2143 - 1069. Determine w(2).
42
Let n(a) be the second derivative of -a**5/20 - a**4/2 + 5*a**3/6 - 5*a**2 + 46*a - 1. Suppose -3*k = 2*k - q + 40, -13 = 4*k + 3*q. Determine n(k).
4
Let n(k) = 3*k**2 - 2*k - 13. Let m(p) = 1. Let y(o) = -6*m(o) - n(o). What is y(3)?
-14
Let q(j) be the third derivative of -j**4/24 + j**3/3 - 14*j**2. Suppose 0 = c - 0 + 11. Let u = c - -11. Calculate q(u).
2
Suppose -l = 2*n - 5, 0*l = 4*l + 3*n - 25. Let p(i) = -5*i - 4*i**2 + 12*i**2 - i**3 + 76 - 66. Calculate p(l).
24
Let w(a) be the third derivative of -a**5/60 - a**4/4 - 11*a**3/6 - 3*a**2 + 16. Determine w(-8).
-27
Let s(c) be the third derivative of c**7/2520 + c**6/240 + c**5/120 - 7*c**4/24 + 22*c**2. Let g(o) be the second derivative of s(o). Give g(-1).
-1
Suppose g - 2*s = 3*s + 29, 3*g = 3*s + 27. Let b(f) = -2*f**2 + 4*f + 4. Give b(g).
-12
Suppose j - 5*m - 3 = 0, 3*j - 7*m - 35 = -5*m. Suppose j*g = 10 + 3. Let x(r) be the first derivative of 4*r**2 - 1. Calculate x(g).
8
Let t(w) = -3*w + 16. Let h = 488 + -481. Determine t(h).
-5
Let f(w) = -14 - 13*w**2 + 4*w**3 - 9*w**3 + 6*w**3 - 2557*w + 2528*w. What is f(15)?
1
Let f(q) = 15*q**2 + 5*q - 7. Suppose k + 63 = -5*c, -23 = c - 9*k + 4*k. Let g(i) = 7*i**2 + 2*i - 3. Let b(a) = c*g(a) + 6*f(a). Determine b(4).
-3
Let d(p) = -p**2 + 3*p. Let s be d(4). Suppose 0 = 2*c - 2*j - 3*j - 42, -4*c + 40 = j. Let l(k) = 0*k - 17 + 5 + c + k. Determine l(s).
-5
Let s(w) = 2*w + 2. Let l(c) = 31*c + 36. Let b be l(-1). Give s(b).
12
Let v(f) = f**2 + 2*f - 2. Suppose 14*o = 19 - 5. Let k be (o + 5/3)*(-24)/(-32). Calculate v(k).
6
Suppose -69 + 109 = 5*b. Let z(a) = a**2 - 6*a - 9. Determine z(b).
7
Let a be 0/((9 - 6) + (-1 - 3)). Let i(n) = -n**3 + n**2 + n + 8. Give i(a).
8
Let v = 19 - 20. Let r be 0 + v + 12/6. Let d(n) = 65*n**2 - 8*n - 3. Let y(u) = 22*u**2 - 3*u - 1. Let j(q) = 4*d(q) - 11*y(q). Calculate j(r).
18
Let c(a) = 5*a**2 - 13. Let n(b) = b**2 - 2. Let x(i) = c(i) - 6*n(i). Determine x(-1).
-2
Let c(q) = -3*q - 19. Let h(n) = -n**3 - 10*n**2 + 58*n + 21. Let g be h(-14). What is c(g)?
2
Let q(z) = -4*z + 4*z - 3*z + z**2 - 3. Let f be q(4). Let p(n) = -131*n + 3. Let u(t) = -47*t + 1. Let k(i) = -4*p(i) + 11*u(i). Determine k(f).
6
Let f(a) = -a - 8. Let l = -986 + 992. Determine f(l).
-14
Let p(k) = k + 8. Let n be ((-48)/(-32))/((-6)/(-52)). What is p(n)?
21
Let a(n) = 3*n - 34. Let p(s) = 5*s - 63. Let h(u) = -11*a(u) + 6*p(u). Suppose -5*t - d = 15 + 1, -4*t - 36 = -5*d. Calculate h(t).
8
Suppose -5*t + 9 = -6. Suppose -t*l + 6 = -0*l. Let s(d) = d**2 + 28*d + 2 + 1 - 30*d + 2*d**2. What is s(l)?
11
Let s = 133 + -128. Let t(g) = -3*g + 2. Give t(s).
-13
Let z(c) = -c**3 - 6*c**2 - 8*c - 3. Let h(d) = 4*d + 200. Let b be h(-51). Give z(b).
-3
Suppose 2*h - 4 = 5*y, h - 10 = -4*h - 4*y. Let s(b) = -22*b**h - b + 21*b**2 + 23 + 0*b. Give s(0).
23
Let d(p) = -4*p. Let v = 11 + -8. Let h be 8/2 - 2 - -2. Suppose h*l + 7 = v. What is d(l)?
4
Let m(q) = 7*q + 31. Let p(v) = 2*v + 11. Let f(h) = 6*m(h) - 17*p(h). Suppose 0 = -0*k - 5*k - 5. Calculate f(k).
-9
Let g(s) = 3 - 15*s - 10*s**3 - 10*s**2 + 31*s**3 - 8*s**3 - 14*s**3. Determine g(-8).
-5
Suppose -5*x - 10 = -z, x + 4 = -x + 4*z. Let r(c) be the second derivative of -14 - 1/12*c**4 - 1/2*c**3 - c - 1/2*c**2. Give r(x).
1
Let w(v) be the third derivative of -5/6*v**3 - 1/24*v**4 - 8*v**2 + 0*v + 0. Calculate w(-4).
-1
Let y(s) = -s - 1. Let l = -20 + 22. Suppose -l*b + 15 = 4*d - 15, -27 = -4*d + b. Let m = 1 - d. Give y(m).
5
Let w(q) = -q + 3. Let v be (3 - (-2 - -20))/(6/(-42)). Let m = v + -102. Calculate w(m).
0
Let a(l) = l - 3. Let u(q) = 2*q - 16. Let c be u(5). Let o be (c/(-12))/(1*(-2)/(-8)). What is a(o)?
-1
Let t(j) = -8*j. Let q(v) = 23*v - 1. Let i(f) = 6*q(f) + 17*t(f). Let h(g) = -3*g + 5. Let c(p) = 3*h(p) + 4*i(p). What is c(-6)?
-3
Let r(q) = 499*q - 7491. Let s be r(15). Let h(o) be the second derivative of o**5/20 + o**4/2 - o**3/6 + 2*o**2 - o. Calculate h(s).
10
Let k(z) be the second derivative of 7*z**4/12 + z**3/6 - z. Let l(a) = -a**2 + 11*a + 11. Let p be l(11). Suppose 9 = -2*m + p. What is k(m)?
8
Let x(w) = w**3 + 3*w**2 - 2*w - 1. Let v be 3/(-6)*(-5 - 1). Let b be 2/(1/1) - v. Let q be (-2 - (b + 0)) + -1. What is x(q)?
7
Let o(y) = -3*y - 2. Suppose 5*n + 36 = -14. Let i be (4 - (-56)/n)/((-2)/(-5)). Calculate o(i).
10
Let l(t) be the second derivative of -t**3/6 + 4*t**2 + 4711*t. Suppose -30 = -3*y - 3*a, 4*a + 17 = 2*y + 5*a. What is l(y)?
1
Let m(b) = 289 - 591 + 6*b + 276. What is m(5)?
4
Let b(z)